{"id":1978,"date":"2019-07-26T14:42:06","date_gmt":"2019-07-26T14:42:06","guid":{"rendered":"http:\/\/hotel-de-medici.ms.decms.eu\/location\/"},"modified":"2023-06-27T09:54:25","modified_gmt":"2023-06-27T09:54:25","slug":"hotel-im-zentrum","status":"publish","type":"page","link":"https:\/\/hoteldemedici.com\/de\/hotel-im-zentrum\/","title":{"rendered":"Hotel im zentrum"},"content":{"rendered":"<p>Das Hotel de&#8216; Medici liegt an einem der romantischsten Kan\u00e4le von Br\u00fcgge, nur wenige Gehminuten vom Hauptmarkt im Zentrum entfernt.<\/p>\n<p>Jedes unserer 101 Zimmer, darunter 6 Executive-Suiten, bietet ein H\u00f6chstma\u00df an Komfort, Privatsph\u00e4re und Entspannung. Unser Hotel verf\u00fcgt \u00fcber 3 behindertengerechte Zimmer, die auf Anfrage zur Verf\u00fcgung stehen.<\/p>\n<p>Wenn Sie Ihr Zimmer zu einem unserer sch\u00f6nen Komfortzimmer oder einer Executive Suite upgraden m\u00f6chten, ist dies je nach Verf\u00fcgbarkeit gegen Aufpreis m\u00f6glich. Unsere Komfortzimmer sind modern ausgestattet und mit hochwertigen M\u00f6beln und Annehmlichkeiten ausgestattet.<br \/>\nBitte z\u00f6gern Sie nicht, unsere diensthabenden Mitarbeiter zu kontaktieren, um Ihnen dabei behilflich zu sein.<\/p>\n<p>Unsere Lounge-Bar &#8222;Damme&#8220; mit herrlichem Blick auf den japanischen Garten ist der perfekte Ort, um ein Getr\u00e4nk oder einen leichten Snack zu genie\u00dfen. T\u00e4glich von 16:30 bis 23:00 Uhr ge\u00f6ffnet.<\/p>\n","protected":false},"excerpt":{"rendered":"<p>Das Hotel de&#8216; Medici liegt an einem der romantischsten Kan\u00e4le von Br\u00fcgge, nur wenige Gehminuten vom Hauptmarkt im Zentrum entfernt. Jedes unserer 101 Zimmer, darunter 6 Executive-Suiten, bietet ein H\u00f6chstma\u00df an Komfort, Privatsph\u00e4re und Entspannung. Unser Hotel verf\u00fcgt \u00fcber 3 behindertengerechte Zimmer, die auf Anfrage zur Verf\u00fcgung stehen. Wenn Sie Ihr Zimmer zu einem unserer [&hellip;]<\/p>\n","protected":false},"author":46,"featured_media":0,"parent":0,"menu_order":0,"comment_status":"closed","ping_status":"closed","template":"template-hotel.php","meta":{"footnotes":""},"class_list":["post-1978","page","type-page","status-publish","hentry"],"yoast_head":"<!-- This site is optimized with the Yoast SEO plugin v26.9 - https:\/\/yoast.com\/product\/yoast-seo-wordpress\/ -->\n<title>Hotel im zentrum - Hotel de Medici<\/title>\n<meta name=\"robots\" content=\"index, follow, max-snippet:-1, max-image-preview:large, max-video-preview:-1\" \/>\n<link rel=\"canonical\" href=\"https:\/\/hoteldemedici.com\/de\/hotel-im-zentrum\/\" \/>\n<meta property=\"og:locale\" content=\"de_DE\" \/>\n<meta property=\"og:type\" content=\"article\" \/>\n<meta property=\"og:title\" content=\"Hotel im zentrum - Hotel de Medici\" \/>\n<meta property=\"og:description\" content=\"Das Hotel de&#8216; Medici liegt an einem der romantischsten Kan\u00e4le von Br\u00fcgge, nur wenige Gehminuten vom Hauptmarkt im Zentrum entfernt. Jedes unserer 101 Zimmer, darunter 6 Executive-Suiten, bietet ein H\u00f6chstma\u00df an Komfort, Privatsph\u00e4re und Entspannung. Unser Hotel verf\u00fcgt \u00fcber 3 behindertengerechte Zimmer, die auf Anfrage zur Verf\u00fcgung stehen. Wenn Sie Ihr Zimmer zu einem unserer [&hellip;]\" \/>\n<meta property=\"og:url\" content=\"https:\/\/hoteldemedici.com\/de\/hotel-im-zentrum\/\" \/>\n<meta property=\"og:site_name\" content=\"Hotel de Medici\" \/>\n<meta property=\"article:modified_time\" content=\"2023-06-27T09:54:25+00:00\" \/>\n<meta name=\"twitter:card\" content=\"summary_large_image\" \/>\n<meta name=\"twitter:label1\" content=\"Gesch\u00e4tzte Lesezeit\" \/>\n\t<meta name=\"twitter:data1\" content=\"1 Minute\" \/>\n<script type=\"application\/ld+json\" class=\"yoast-schema-graph\">{\"@context\":\"https:\/\/schema.org\",\"@graph\":[{\"@type\":\"WebPage\",\"@id\":\"https:\/\/hoteldemedici.com\/de\/hotel-im-zentrum\/\",\"url\":\"https:\/\/hoteldemedici.com\/de\/hotel-im-zentrum\/\",\"name\":\"Hotel im zentrum - Hotel de Medici\",\"isPartOf\":{\"@id\":\"https:\/\/hoteldemedici.com\/de\/#website\"},\"datePublished\":\"2019-07-26T14:42:06+00:00\",\"dateModified\":\"2023-06-27T09:54:25+00:00\",\"breadcrumb\":{\"@id\":\"https:\/\/hoteldemedici.com\/de\/hotel-im-zentrum\/#breadcrumb\"},\"inLanguage\":\"de-DE\",\"potentialAction\":[{\"@type\":\"ReadAction\",\"target\":[\"https:\/\/hoteldemedici.com\/de\/hotel-im-zentrum\/\"]}]},{\"@type\":\"BreadcrumbList\",\"@id\":\"https:\/\/hoteldemedici.com\/de\/hotel-im-zentrum\/#breadcrumb\",\"itemListElement\":[{\"@type\":\"ListItem\",\"position\":1,\"name\":\"Home\",\"item\":\"https:\/\/hoteldemedici.com\/de\/\"},{\"@type\":\"ListItem\",\"position\":2,\"name\":\"Hotel im zentrum\"}]},{\"@type\":\"WebSite\",\"@id\":\"https:\/\/hoteldemedici.com\/de\/#website\",\"url\":\"https:\/\/hoteldemedici.com\/de\/\",\"name\":\"Hotel de Medici\",\"description\":\"\",\"potentialAction\":[{\"@type\":\"SearchAction\",\"target\":{\"@type\":\"EntryPoint\",\"urlTemplate\":\"https:\/\/hoteldemedici.com\/de\/?s={search_term_string}\"},\"query-input\":{\"@type\":\"PropertyValueSpecification\",\"valueRequired\":true,\"valueName\":\"search_term_string\"}}],\"inLanguage\":\"de-DE\"}]}<\/script>\n<!-- \/ Yoast SEO plugin. -->","yoast_head_json":{"title":"Hotel im zentrum - Hotel de Medici","robots":{"index":"index","follow":"follow","max-snippet":"max-snippet:-1","max-image-preview":"max-image-preview:large","max-video-preview":"max-video-preview:-1"},"canonical":"https:\/\/hoteldemedici.com\/de\/hotel-im-zentrum\/","og_locale":"de_DE","og_type":"article","og_title":"Hotel im zentrum - Hotel de Medici","og_description":"Das Hotel de&#8216; Medici liegt an einem der romantischsten Kan\u00e4le von Br\u00fcgge, nur wenige Gehminuten vom Hauptmarkt im Zentrum entfernt. Jedes unserer 101 Zimmer, darunter 6 Executive-Suiten, bietet ein H\u00f6chstma\u00df an Komfort, Privatsph\u00e4re und Entspannung. Unser Hotel verf\u00fcgt \u00fcber 3 behindertengerechte Zimmer, die auf Anfrage zur Verf\u00fcgung stehen. Wenn Sie Ihr Zimmer zu einem unserer [&hellip;]","og_url":"https:\/\/hoteldemedici.com\/de\/hotel-im-zentrum\/","og_site_name":"Hotel de Medici","article_modified_time":"2023-06-27T09:54:25+00:00","twitter_card":"summary_large_image","twitter_misc":{"Gesch\u00e4tzte Lesezeit":"1 Minute"},"schema":{"@context":"https:\/\/schema.org","@graph":[{"@type":"WebPage","@id":"https:\/\/hoteldemedici.com\/de\/hotel-im-zentrum\/","url":"https:\/\/hoteldemedici.com\/de\/hotel-im-zentrum\/","name":"Hotel im zentrum - Hotel de Medici","isPartOf":{"@id":"https:\/\/hoteldemedici.com\/de\/#website"},"datePublished":"2019-07-26T14:42:06+00:00","dateModified":"2023-06-27T09:54:25+00:00","breadcrumb":{"@id":"https:\/\/hoteldemedici.com\/de\/hotel-im-zentrum\/#breadcrumb"},"inLanguage":"de-DE","potentialAction":[{"@type":"ReadAction","target":["https:\/\/hoteldemedici.com\/de\/hotel-im-zentrum\/"]}]},{"@type":"BreadcrumbList","@id":"https:\/\/hoteldemedici.com\/de\/hotel-im-zentrum\/#breadcrumb","itemListElement":[{"@type":"ListItem","position":1,"name":"Home","item":"https:\/\/hoteldemedici.com\/de\/"},{"@type":"ListItem","position":2,"name":"Hotel im zentrum"}]},{"@type":"WebSite","@id":"https:\/\/hoteldemedici.com\/de\/#website","url":"https:\/\/hoteldemedici.com\/de\/","name":"Hotel de Medici","description":"","potentialAction":[{"@type":"SearchAction","target":{"@type":"EntryPoint","urlTemplate":"https:\/\/hoteldemedici.com\/de\/?s={search_term_string}"},"query-input":{"@type":"PropertyValueSpecification","valueRequired":true,"valueName":"search_term_string"}}],"inLanguage":"de-DE"}]}},"acf":[],"_links":{"self":[{"href":"https:\/\/hoteldemedici.com\/de\/wp-json\/wp\/v2\/pages\/1978","targetHints":{"allow":["GET"]}}],"collection":[{"href":"https:\/\/hoteldemedici.com\/de\/wp-json\/wp\/v2\/pages"}],"about":[{"href":"https:\/\/hoteldemedici.com\/de\/wp-json\/wp\/v2\/types\/page"}],"author":[{"embeddable":true,"href":"https:\/\/hoteldemedici.com\/de\/wp-json\/wp\/v2\/users\/46"}],"replies":[{"embeddable":true,"href":"https:\/\/hoteldemedici.com\/de\/wp-json\/wp\/v2\/comments?post=1978"}],"version-history":[{"count":0,"href":"https:\/\/hoteldemedici.com\/de\/wp-json\/wp\/v2\/pages\/1978\/revisions"}],"wp:attachment":[{"href":"https:\/\/hoteldemedici.com\/de\/wp-json\/wp\/v2\/media?parent=1978"}],"curies":[{"name":"wp","href":"https:\/\/api.w.org\/{rel}","templated":true}]}}

<p>Das Hotel de&#8216; Medici liegt an einem der romantischsten Kanäle von Brügge, nur wenige Gehminuten vom Hauptmarkt im Zentrum entfernt.</p>
<p>Jedes unserer 101 Zimmer, darunter 6 Executive-Suiten, bietet ein Höchstmaß an Komfort, Privatsphäre und Entspannung. Unser Hotel verfügt über 3 behindertengerechte Zimmer, die auf Anfrage zur Verfügung stehen.</p>
<p>Wenn Sie Ihr Zimmer zu einem unserer schönen Komfortzimmer oder einer Executive Suite upgraden möchten, ist dies je nach Verfügbarkeit gegen Aufpreis möglich. Unsere Komfortzimmer sind modern ausgestattet und mit hochwertigen Möbeln und Annehmlichkeiten ausgestattet.<br />
Bitte zögern Sie nicht, unsere diensthabenden Mitarbeiter zu kontaktieren, um Ihnen dabei behilflich zu sein.</p>
<p>Unsere Lounge-Bar &#8222;Damme&#8220; mit herrlichem Blick auf den japanischen Garten ist der perfekte Ort, um ein Getränk oder einen leichten Snack zu genießen. Täglich von 16:30 bis 23:00 Uhr geöffnet.</p>

<p>Das Hotel de&#8216; Medici liegt an einem der romantischsten Kanäle von Brügge, nur wenige Gehminuten vom Hauptmarkt im Zentrum entfernt. Jedes unserer 101 Zimmer, darunter 6 Executive-Suiten, bietet ein Höchstmaß an Komfort, Privatsphäre und Entspannung. Unser Hotel verfügt über 3 behindertengerechte Zimmer, die auf Anfrage zur Verfügung stehen. Wenn Sie Ihr Zimmer zu einem unserer [&hellip;]</p>

<!-- This site is optimized with the Yoast SEO plugin v26.9 - https://yoast.com/product/yoast-seo-wordpress/ -->
<title>Hotel im zentrum - Hotel de Medici</title>
<meta name="robots" content="index, follow, max-snippet:-1, max-image-preview:large, max-video-preview:-1" />
<link rel="canonical" href="https://hoteldemedici.com/de/hotel-im-zentrum/" />
<meta property="og:locale" content="de_DE" />
<meta property="og:type" content="article" />
<meta property="og:title" content="Hotel im zentrum - Hotel de Medici" />
<meta property="og:description" content="Das Hotel de&#8216; Medici liegt an einem der romantischsten Kanäle von Brügge, nur wenige Gehminuten vom Hauptmarkt im Zentrum entfernt. Jedes unserer 101 Zimmer, darunter 6 Executive-Suiten, bietet ein Höchstmaß an Komfort, Privatsphäre und Entspannung. Unser Hotel verfügt über 3 behindertengerechte Zimmer, die auf Anfrage zur Verfügung stehen. Wenn Sie Ihr Zimmer zu einem unserer [&hellip;]" />
<meta property="og:url" content="https://hoteldemedici.com/de/hotel-im-zentrum/" />
<meta property="og:site_name" content="Hotel de Medici" />
<meta property="article:modified_time" content="2023-06-27T09:54:25+00:00" />
<meta name="twitter:card" content="summary_large_image" />
<meta name="twitter:label1" content="Geschätzte Lesezeit" />
	<meta name="twitter:data1" content="1 Minute" />
<script type="application/ld+json" class="yoast-schema-graph">{"@context":"https://schema.org","@graph":[{"@type":"WebPage","@id":"https://hoteldemedici.com/de/hotel-im-zentrum/","url":"https://hoteldemedici.com/de/hotel-im-zentrum/","name":"Hotel im zentrum - Hotel de Medici","isPartOf":{"@id":"https://hoteldemedici.com/de/#website"},"datePublished":"2019-07-26T14:42:06+00:00","dateModified":"2023-06-27T09:54:25+00:00","breadcrumb":{"@id":"https://hoteldemedici.com/de/hotel-im-zentrum/#breadcrumb"},"inLanguage":"de-DE","potentialAction":[{"@type":"ReadAction","target":["https://hoteldemedici.com/de/hotel-im-zentrum/"]}]},{"@type":"BreadcrumbList","@id":"https://hoteldemedici.com/de/hotel-im-zentrum/#breadcrumb","itemListElement":[{"@type":"ListItem","position":1,"name":"Home","item":"https://hoteldemedici.com/de/"},{"@type":"ListItem","position":2,"name":"Hotel im zentrum"}]},{"@type":"WebSite","@id":"https://hoteldemedici.com/de/#website","url":"https://hoteldemedici.com/de/","name":"Hotel de Medici","description":"","potentialAction":[{"@type":"SearchAction","target":{"@type":"EntryPoint","urlTemplate":"https://hoteldemedici.com/de/?s={search_term_string}"},"query-input":{"@type":"PropertyValueSpecification","valueRequired":true,"valueName":"search_term_string"}}],"inLanguage":"de-DE"}]}</script>
<!-- / Yoast SEO plugin. -->

Das Hotel de&#8216; Medici liegt an einem der romantischsten Kanäle von Brügge, nur wenige Gehminuten vom Hauptmarkt im Zentrum entfernt. Jedes unserer 101 Zimmer, darunter 6 Executive-Suiten, bietet ein Höchstmaß an Komfort, Privatsphäre und Entspannung. Unser Hotel verfügt über 3 behindertengerechte Zimmer, die auf Anfrage zur Verfügung stehen. Wenn Sie Ihr Zimmer zu einem unserer [&hellip;]
